- 13) - 1?
9
Calculate (3 - -15) + -9 + 0 + -14.
-5
Calculate -4 + 0 - (18 + (-7 - 7)).
-8
-4 - (-1 + (-6 - 1)) - -5
9
What is 34 + 1 + 408 + -457?
-14
Calculate 1 - (32 - 31 - -7).
-7
Calculate (-2 + -12 - -9) + 9 + -1 + -2.
1
(-40 - -40 - -15) + (-31 - 0)
-16
Evaluate -14 - -2 - (27 + (24 - 17 - 11)).
-35
Evaluate -9 + 0 + -44 + 57.
4
8 + 4 + (-50 - -30)
-8
Evaluate -1 - (-16 + -1 + 34 + -31).
13
What is (-3 - -24) + (21 - -16) + -48?
10
-4 + (-4 - (-9 + -11 - -6))
6
What is the value of -7 + -2 + (0 - -2) - (22 - 13)?
-16
Evaluate (-4 + 2 - -2) + (7 - (3 + 1)).
3
What is the value of -30 + -1 - (36 - 53)?
-14
What is the value of -4 + -11 - (-11 - -5)?
-9
What is the value of -8 + 3 + (0 - 1) - (10 + -20)?
4
Calculate -9 + (1 + -5 - (-71 + 31 + 46)).
-19
What is 11 - (-12 - (11 - 9) - -19)?
6
Calculate -14 - (-16 + 28 - (15 + -4)).
-15
Calculate 6 - 1 - (-9 + 17 + -14).
11
What is the value of -5 + -11 + 24 - (0 + -1)?
9
Calculate -45 + 42 + (-2 - 1).
-6
Calculate 49 + -9 + -26 - -3.
17
Calculate 45 + (22 - 26) - 37.
4
Evaluate (3 - (-3 + -5)) + -4 + -14.
-7
What is the value of (-2 + 20 - (-31 + 33)) + -6 + 5?
15
What is 20 + 2 - 14 - (-1 - 3)?
12
Calculate -133 + 132 + 1 + -20.
-20
Evaluate -8 - (-5 - 0) - (10 - (13 + 5)).
5
What is the value of (2 - 10) + 26 + (4 - 23)?
-1
What is the value of 0 + 1 + -1 + (4 - -31 - 36)?
-1
Calculate -344 + 348 + (-1 - 18).
-15
What is (1 - (1 + 1)) + -10 + 15 - -4?
8
-5 + 10 + 2 + -9 + 0
-2
What is the value of 4 + -8 + 9 + -4?
1
What is the value of -53 + 12 + 11 + 15 + 6 + 1?
-8
(9 - -1) + 12 + -14
8
Calculate 5 + -3 - (22 + -2 + -18).
0
Calculate -3 + (4 - (-3 - -14)).
-10
(-5 - 1) + (-31 - -36) - -20
19
What is (-6 - -20) + -16 + 0?
-2
Evaluate -6 + -17 + (-3 - -11).
-15
Evaluate -1 + 35 + (-289 - -252).
-3
Evaluate 10 - 3 - ((10 - 3) + -2 + -1).
3
What is ((4 - 1) + 7 + -13 - -1) + -6?
-8
What is the value of 10 + 1 + -46 + 37 + 4?
6
Calculate (-52 - -50) + (-1 - 1) + (-2 - 4).
-10
Calculate 14 - ((-23 - -43) + -14).
8
(5 - -1 - (-14 - (-6 + -12))) + -7
-5
What is (-1 + 12 + -4 - (0 - -3)) + -3?
1
What is -4 + -12 + 8 - -1?
-7
Calculate -2 + 13 + 4 + (6 - 4) + -5.
12
Evaluate 31 + (35 + -30 - 62).
-26
Evaluate -12 - (5 - (-18 + 10 - 7)).
-32
Calculate (-5 - (1 - -2) - -6) + (-10 - -3).
-9
1 - 0 - (-7 + 2 - (94 - 64))
36
Calculate -1 + (101 - 86) + (-8 - 0).
6
What is the value of (-31 - -2) + (12 - 1) - 12?
-30
Evaluate 1 + (-5 - (4 - -2)) + -2 + 3.
-9
Calculate ((-7 - -14) + 10 - 6) + -15 + 12.
8
Calculate -25 + -58 + 38 + 60.
15
What is 0 - -2 - ((1 - -8) + (12 - 21))?
2
What is the value of -2 + 2 - ((-17 - -24) + 5)?
-12
What is 7 + 1 + (-28 + 42 - 36)?
-14
Evaluate -9 + -8 + -3 + 1 + 18.
-1
Evaluate (-11 - -3) + 7 - (7 - 13).
5
Evaluate -16 - (-2 - (-2 + 11)).
-5
What is the value of (-5 - -4) + (-3 - -25) + -4 + 4?
21
Evaluate 15 + (1 - (4 - -5)) + -6.
1
What is (7 - 11 - 12) + 6?
-10
What is (12 - 4) + -4 - (1 - -1)?
2
Calculate 0 + -11 + 5 + -1 + 1 + 0.
-6
(-6 - -3) + 6 + -1 - (36 - 37)
3
What is the value of 2 + -16 + 13 + -3?
-4
-12 - (1 + 4) - (13 + -22)
-8
What is 7 - (13 + 0 + (-8 - -13))?
-11
-1 + 4 + (-2 - 7) + (15 - 23)
-14
What is the value of -10 - (-55 - (41 + -57))?
29
21 + -12 + 1 + (-84 - -98)
24
Calculate (-4 - 4) + 1 + (12 + -5 - 1).
-1
Evaluate 4 + (14 - 16) - (0 + -3) - 1.
4
7 - ((1 - -8) + 5)
-7
-11 + 18 + -10 - (-4 - (-27 + 4))
-22
What is (30 - 23 - (-3 - 1)) + 9?
20
Evaluate -16 + -7 + 27 + (3 - -1).
8
Calculate (228 - 235) + (-2 - -5 - 2).
-6
What is the value of -1 - -8 - (-1 - -11 - -2)?
-5
(-5 - -9) + (5 - (-35 - -23))
21
Calculate -1 - (6 + -10 + -3 + 0) - -3.
9
0 + -8 + -1 + (-77 - -158) + -61
11
-1 + -23 - (209 + -223)
-10
What is the value of 18 - (7 + (-8 - -6)) - 3?
10
What is -14 + (0 - (-7 + -20))?
13
Evaluate (328 - 322) + (-3 - -1 - (-1 - -4)).
1
-31 - (32 + (-43 - 17))
-3
What is the value of -1 - -9 - (1641 - 1606)?
-27
6 + (11 + -16 + 6 - 14)
-7
What is 1 + 7 + (-1020 - -996)?
-16
What is the value of (2 - 9) + 26 + -19 - 11?
-11
What is 40 + (-3 - 9 - (-19 + 11))?
36
22 - (27 + 11 + -3)
-13
Calculate 1 + 1 + 25 - (37 + -26).
16
(29 + -9 - 8) + 1 + 5
18
What is -8 - 0 - (-23 + 6 - -14)?
-5
What is the value of -16 - (9 + -8 - -4 - 1)?
-20
Calculate -15 + 17 + -9 - (-21 - (-5 + 2)).
11
What is 23 + -9 - 26 - -26?
14
What is (-2 - (9 - (1 + 1))) + (6 - 4)?
-7
-21 + 29 + (-15 - 2) - 6
-15
What is (-9 + 7 + (9 - 7) - -2) + 17?
19
(387 - 397) + 0 + 35 + -14
11
48 - 7 - 46 - (0 - 5)
0
Evaluate 4 + (11 - 6) + -6 + 10.
13
11 + -5 + (4 + -2 - 1) + -10
-3
What is the value of 17 + 8 + 10 - 17?
18
Evaluate 9 - (7 - 2 - -2) - -14.
16
-3 + -13 + 50 + -15
19
(-23 - (-47 - -28)) + 1 + -8
-11
Calculate (0 - -11) + -7 - (-15 - -1).
18
Evaluate 0 - (-8 + (5 - 4) - 1 - -1).
7
What is (-1 - -1) + (11 + 1 + -5 - 7)?
0
Evaluate -17 + (19 - (18 - -2)).
-18
Calculate 1 + (-9 + (-6 - -9) - (-15 - -4)).
6
What is (29 - 17) + -9 + 0 + -1 + 0?
2
(-41 - (18 - 57)) + 27
25
-10 + 3 - -16 - (8 - (3 - 3))
1
Calculate 4 - (-62 + 61 + (6 - 2)).
1
What is the value of -4 - (24 - (6 + -3 - -7))?
-18
Evaluate -21 + (11 - (-3 - -5)) + 0.
-12
What is the value of -10 + (1 - 1) + (544 - 542)?
-8
-30 + (-15 - -32) - -18 - (-1 - -23)
-17
Evaluate (-3 + 11 - -30) + (-48 - -34).
24
What is 4 + -1 + (294 - 312)?
-15
What is -27 - -26 - (-11 + -3)?
13
-30 - -32 - (-1 + -2 - (20 - 15))
10
What is 3 + 5 + 0 + -1?
7
What is the value of -4 - -23 - (-4 - (3 + (0 - 2)))?
24
Calculate 48 - -4 - (20 - -3).
29
Evaluate (-19 - (-6 - 9)) + 2 + 0 - -9.
7
What is the value of 1 - -7 - (-151 + 171)?
-12
Calculate 13 + -3 + -16 + (1 - -12) + 9.
16
What is 0 - (191 + -177 - (-2 + 2 + -4))?
-18
What is 0 + (-14 + 7 - -3) - (0 + -6)?
2
(3 - 0 - 3) + (-3 - -4) - -5
6
What is -6 + (6 - 6) - -9 - (-1 + -1)?
5
What is the value of -14 + 31 - (-2 - -30)?
-11
What is the value of 109 + -112 - (10 - -19)?
-32
What is the value of -14 + 1 + 17 + -6 + -6?
-8
Evaluate (16 - 13 - 5) + (-1 - 1) + -6.
-10
What is 4 + 2 + (10 - 17) + 0 - 22?
-23
Evaluate -1 + 1 - (188 - 172).
-16
What is 20 + 9 + (-28 - -22) + 1 + 5?
29
Evaluate -1 + -6 + 6 + (12 - 2) + -1.
8
2 + ((5 - 16) + 13 - (5 + 2))
-3
(-14 + 28 + -2 - (-8 - 1)) + 12
33
Evaluate 46 + (-36 - -16) + -15.
11
What is the value of -6 - ((-7 - -2) + 5 + -8) - 8?
-6
Evaluate -44 - (-43 - -6) - (0 + (-5 - 1)).
-1
What is the value of (2 - 55) + 626 + -597?
-24
(-6 - (-7 + 6)) + (-3 - 1 - -10)
1
3 - (-16 - (-1 - (14 + -3)))
7
Calculate 1 + -41 + -9 + (-5 - (-6 - 13)).
-35
1 + (1 - (7 + 0)) + (4000 - 4009)
-14
Calculate 21 + -56 - (2 + -15).
-22
Calculate -6 + 6 + -17 + (12 - -3).
-2
(-8 - (4 + -27)) + -10 + 5 + -1
9
What is the value of -1 + (23 - 11 - 4)?
7
What is 48 + (-16 - 16) + -13?
3
What is the value of 6 + (12 - 12) + -4 - (1 - 19)?
20
Calculate -12 - (-14 - (-2 + 14 - 20)).
-6
-5 - 2 - -16 - 11
-2
What is the value of 3 - -4 - (-26 - -38)?
-5
What is the value of 29 + -53 + (6 - 4) + (1 - -4)?
-17
What is (65 - 50) + 6 + -7?
14
What is 1 - ((5 - 4 - -2 - 18) + 0)?
16
-8 + (-12 - (5 + -9 + 1)) + 16
-1
Evaluate -7 + (0 - -11 - 0) + -4.
0
What is the value of 9 + 0 - (16 + 0)?
-7
What is the value of -9 - (18 - (13 - 0))?
-14
-13 + 1 + (40 - 2 - 16)
10
Evaluate 8 + (5 - (-4 + 11) - 4).
2
-8 + 1 - ((17 + -25 - 24) + -3)
28
Evaluate 4 + 3 + 2 + -3 + (29 - 35).
0
What is the value of 3 - (-1 - (11 + -24))?
-9
Evaluate -9 - (-13 + 20) - -1 - -11.
-4
-29 - (-22 - (0 - 3))
-10
Evaluate 25 + (-15 - 37) - -3.
-24
What is -5 + 5 + (-5 - -1) + 9 + -3?
2
Evaluate 2 - -2 - (13 - (-8 - -15)) - -15.
13
Evaluate (1 - 4) + 4 + -1 - (-201 + 202).
-1
(-3 - (-10 - -2)) + 1 - (2 - -4)
0
(-1 - -21) + (-5 - 10) + 6
11
(10 + -4 + -4 - -9) + -32
-21
What is -10 + 56 - 28 - 31?
-13
What is 3 + 37 + -32 + -27?
-19
(7 - (8 + (-33 - -2))) + (-7 - 1)
22
What is the value of -57 + 28 - (6 + -19)?
-16
Evaluate 0 + -33 + 91 + -78.
-20
Calculate 4 + -15 - (0 - (2 + -6) - 7).
-8
What is the value of -15 - ((-34 + -3 - -14) + -12)?
20
(-3 - -40) + (-31 - -16)
22
What is the value of (-6 - -1) + 12 + -39 + 20?
-12
What is the value of (-6 - (8 - (12 + 6))) + 0 + -20?
-16
-3 + (1 - -5) + 1
4
What is the value of -14 + 1 - (-19 - -3)?
3
Calculate 20 - (-22 + (-11 - -39)).
14
What is the value of (1 - 4 - 8